et o = g - 45. What is the remainder when 9 is divided by o?
1
Let s(z) = 6*z + 148. Let u be s(-24). Suppose -11*t = -12*t + 16. What is the remainder when 12/t - (-489)/u is divided by 18?
15
Suppose 89 = 4*d - 135. Suppose p = -p + d. What is the remainder when 2*((-8)/p + (-93)/(-7)) is divided by 16?
10
Let p = 174 - 52. Suppose -192 = -6*n - 6. Calculate the remainder when p is divided by n.
29
Suppose 2*q + w = -684 + 695, -3*q - 2*w = -14. Calculate the remainder when -4 + 47 - (-1 + -1) is divided by q.
5
Suppose 117*f = 171*f + 3356 - 21230. What is the remainder when f is divided by 37?
35
Let z be (14 + -2)/(27/306). Suppose -z = -9*c + 5*c. Let a = 643 - 625. What is the remainder when c is divided by a?
16
Suppose -3*p + 25*d - 20*d = -73, 3*d - 136 = -4*p. Calculate the remainder when 491 is divided by p.
26
Let a = -13861 + 15391. Calculate the remainder when 1532 is divided by a.
2
Suppose 2044 = 53*o - 2514. What is the remainder when o is divided by 4?
2
Suppose -3*f = -5*u - 59, 2*u = 7*u + 20. Let q = -56 + 72. What is the remainder when (-3 - q)/((-1)/(-2) + -1) is divided by f?
12
Let w = 4 + -6. Let j(f) = 10*f**2 + 3*f. What is the remainder when (132 + 0)*(875/50)/35 is divided by j(w)?
32
Let r(x) = 6*x**2 - 3*x - 4. Let j(l) = -9 - 9 - 9*l - 39. What is the remainder when j(-15) is divided by r(3)?
37
Let q = -15 + 18. Suppose 18 = 4*a - q*n, 5*n = -0*a + 5*a - 25. Let i(t) = -13*t + 599. Calculate the remainder when i(45) is divided by a.
2
Calculate the remainder when 231 is divided by (47/(-7))/((-5)/35).
43
Let q(s) = -s**3 - 101*s**2 - 101*s - 85. What is the remainder when 1947 is divided by q(-100)?
12
Suppose d = -o + 915 - 278, 2*o = -3*d + 1908. What is the remainder when d is divided by 4?
2
Suppose 4*n = l + 592, -19*n + 3*l = -21*n + 282. Calculate the remainder when 1467 is divided by n.
144
Let o = 34575 + -33224. Calculate the remainder when o is divided by 442.
25
Calculate the remainder when 628 is divided by ((-42)/(-18) + 1)/(6/369).
13
Let k = 211 - 140. Suppose 5*n = 406 - k. Suppose 0 = 2*b - 3 - n. What is the remainder when b is divided by 13?
9
Suppose 9*l = 12*l - 6. Let r = -1 + 6. Suppose -4*y - q = -9, -q - 2*q + 10 = -r*y. What is the remainder when l is divided by y?
0
Let r = -6931 - -7092. Calculate the remainder when 192 is divided by r.
31
Let p(c) = 87*c - 1553. Calculate the remainder when p(22) is divided by 89.
5
Let x(k) = 2*k**2 - 178*k - 716. Calculate the remainder when 302 is divided by x(-4).
22
Suppose -4*y - g + 93 = -268, -4*g + 156 = 2*y. Calculate the remainder when 532 is divided by y.
72
Let s = 12417 + -12304. What is the remainder when 688 is divided by s?
10
Let l(m) = -m**3 + 7*m**2 + 4*m + 4. Calculate the remainder when l(7) is divided by 27 + -10*15/30 + -2 + 4.
8
Suppose 29*z = 2815 + 16523 + 469. Calculate the remainder when z is divided by 137.
135
Suppose -3*m + 5*b + 4366 = 0, -4159 = -3*m + 2*b + 219. What is the remainder when m is divided by 19?
18
Suppose -4*c - 30 = -5*r, -2*c - 14 = -3*r + 2. Let s(n) = -n**3 - 5*n**2 + 2*n + 15. Calculate the remainder when s(c) is divided by 3.
2
Calculate the remainder when (17/4 - -1)/(471/(-240) - -2) is divided by 54.
32
Let m = -1150 - -1229. Suppose 12*y + 10 = 13*y. Calculate the remainder when m is divided by y.
9
Suppose i + 4*p = -125, -281 = 3*i + 4*p + 94. Let w(d) = -30*d - 18. Let k be w(-5). Let c = i + k. What is the remainder when 21 is divided by c?
0
Let y = 200 - 221. What is the remainder when (28/y)/((-1)/30) is divided by 21?
19
Let q(k) = -86*k - 50. Let m be q(-1). Suppose 0 = 34*f - m*f + 66. Calculate the remainder when f is divided by (1 - (-2)/(-1)) + 5.
1
Let y(x) = 16*x - 2. Calculate the remainder when y(6) is divided by 51 + 3600/(-192) + 51/(-12).
10
Suppose -32*b + b = 21*b - 4004. What is the remainder when 206 is divided by b?
52
Let o(i) = -13*i + 810. What is the remainder when o(57) is divided by 39?
30
Suppose 36*v - 2415 = 13*v. What is the remainder when v is divided by 19?
10
Suppose 0 = 2*q - 4*x - 148, x = -x. Suppose -q = -5*a - 4. What is the remainder when a is divided by 4?
2
Suppose -107 - 1 = 3*k. Let a = -4 + 32. What is the remainder when (-60 + 0)/(k/48) is divided by a?
24
Let b(a) = a**2 - 24*a + 130. Suppose -47*q + 901 = 6*q. Calculate the remainder when 75 is divided by b(q).
9
Let w(r) = -898*r - 49. Let h be w(-2). Suppose -9*b + h = 505. Calculate the remainder when b is divided by 21.
12
Let b = 17278 + -16594. Calculate the remainder when 3438 is divided by b.
18
Let b be -2 - (3 - (1 + -2)). Let k be (-693)/22*4/b. Suppose 111 + k = 4*y - 2*d, -y + 38 = -3*d. What is the remainder when y is divided by 9?
5
Suppose -4*l - 1833 = -8*l - g, -3*l = -g - 1380. Let f = -318 + l. Calculate the remainder when f is divided by 24.
21
Let s(u) = 7*u + 32. Let w(b) = 1. Let c(r) = -s(r) + 6*w(r). Suppose -20*f = -24*f - 36. Calculate the remainder when 182 is divided by c(f).
34
Suppose 237*j = 239*j - 118. Suppose j = 7*k - 32. Calculate the remainder when 19 is divided by k.
6
Let v = 818 + -732. What is the remainder when 115 is divided by v?
29
Let g = -199956 + 199975. Suppose -3 = 2*s - 0*s - 3*u, -s + 2*u - 2 = 0. Suppose -2*b + 3*b - 73 = s. Calculate the remainder when b is divided by g.
16
Let a = 125473 + -124942. What is the remainder when a is divided by 5/25 - (-378)/10?
37
Let h(a) = -a**3 + 5*a**2 - 2*a + 1. Suppose -5*l - y = -108 + 19, 0 = -l - 2*y + 43. What is the remainder when l is divided by h(4)?
6
Suppose 32 = -2*r + 30, 5*p + 2*r - 1773 = 0. Suppose -5*i - 4*d + 1787 = 0, -i = 12*d - 10*d - p. Calculate the remainder when i is divided by 91.
86
Let i = -77 - -12. Suppose -6*l + l = -1060. Let t = l + i. What is the remainder when t is divided by 25?
22
Suppose -585065 = -460*o + 2396655. What is the remainder when o is divided by 28?
14
Suppose 12*f + 246 = 78. Calculate the remainder when (-2252)/f - (102/21 + -5) is divided by 27.
26
Let z(i) = 36*i**2 + 49*i + 15. Calculate the remainder when z(-5) is divided by 82.
14
Suppose -3*m - 9 = -117. Calculate the remainder when 3 is divided by (2/(-4))/((138/m)/(-23)).
0
Let x(a) = -a**3 - 11*a**2 - a + 15. Calculate the remainder when 1469/91 - 17 - 1*5385/(-35) is divided by x(-11).
23
Let l = -4 - -7. Let y(b) = 7*b**2 - 2. Suppose 0 = -36*v - 28*v + 66*v - 18. Calculate the remainder when y(l) is divided by v.
7
Let y be (45/2)/((-3)/(-28)). Suppose 5*i - 355 - 40 = 0. Calculate the remainder when i is divided by -40*((-174)/y - 3/(-7)).
15
Let w(y) = -y**2 - 36*y + 270. Let h be w(-46). Let r = h + 196. Suppose 3*m - 21 = -2*z - z, 4*m - 28 = -3*z. What is the remainder when m is divided by r?
1
Suppose -7*b - 11 = 3. Calculate the remainder when 27 is divided by (-124)/(-16) - b/8.
3
Let p = 79 + -73. Suppose a - p*y - 23 = -4*y, -4*a + y + 99 = 0. What is the remainder when 36 is divided by a?
11
What is the remainder when 4780 is divided by (72/(-120))/((-3)/35)?
6
Suppose 0 = y - 3*y + 100. Let i = y - 10. What is the remainder when (631 + 2 + 31 + -15)*4/22 is divided by i?
38
Suppose -3*t - 484 = -7*t. Calculate the remainder when t is divided by (0 - -1)/((-4)/(-100)).
21
What is the remainder when 1310 is divided by ((-128)/(-8))/((0 - -8)/16)?
30
Let h be 4*(-3)/36 - 7/(-3). Suppose 3*j = 4*z - 43, -2*z = -3*j - h*j - 39. Suppose 0 = 5*v - 143 - z. What is the remainder when 149 is divided by v?
29
Suppose -2268 = -4*d - 23*d. What is the remainder when 118 is divided by d?
34
Let z = -75 - -82. What is the remainder when 740 is divided by z?
5
Let t = -123 - -227. Suppose 5*c - 101 = 3*d, 5*c - d = d + t. Suppose 33*r - 29*r + 4 = 0, 0 = -3*h + 2*r + 17. Calculate the remainder when c is divided by h.
2
Let f = -1675 + 2120. What is the remainder when f is divided by 56?
53
Let u(m) = -203*m - 1078. Calculate the remainder when u(-10) is divided by 87.
82
Let f be 4134/36 + (-5)/6. Let h = f - 78. What is the remainder when 67 is divided by h?
31
Let b(r) = -r**2 + 28*r - 138. Let u = 36 - 32. Suppose 5*w + 3*d = 132, -u*w - d + 124 = w. What is the remainder when w is divided by b(7)?
6
Calculate the remainder when (-8)/36 + ((-986)/459)/((-6)/1629) is divided by 7